, -5*n + 1 = h - 6*n. Suppose 0 = -0*z + h*z. Suppose 0 = s - z*s - 8. What are the prime factors of s?
2
Let q = -4 + 5. Let s be q/(-2 + 3/2). What are the prime factors of 1 + (0 - (-27 - s))?
2, 13
Let l = -1547 + 1639. What are the prime factors of l?
2, 23
Suppose -2*o + o = 5, -4*q - 2*o + 10 = 0. Suppose -n + 7 = -s, 0*n + q*s + 31 = 3*n. Suppose i - 48 = n*y, -1 = 5*y - 6. What are the prime factors of i?
2, 5
Suppose -6*b + 113 + 229 = 0. Let h = b - 8. What are the prime factors of h?
7
Let q(v) = -11*v + 533. List the prime factors of q(-34).
907
Suppose -40*l + 44*l = -2*k + 14802, -5*k + 14817 = 4*l. What are the prime factors of l?
2, 43
Suppose 0 = -2*u - 4*a + 32 - 0, 0 = -2*u + 2*a + 32. Let t be (-7)/(28/u) - -3. Let h = t + 26. List the prime factors of h.
5
Let c(d) be the first derivative of 2*d**3/3 + 6*d**2 + 8. What are the prime factors of c(-7)?
2, 7
Let c = -775 + 1040. List the prime factors of c.
5, 53
Let b be (-42)/(-5) - 22/55. Suppose -3*v + p = -2*v + b, -2*v - 2*p - 8 = 0. List the prime factors of 0/(-3) - v/2.
3
List the prime factors of 80/(-30)*(-1164)/(-8)*-3.
2, 3, 97
Suppose -9 = 3*i + 3*m, -4*i + 23 = 3*m - 6*m. Let n(q) = -5*q**i - 11 + 18 - 3*q**3 + 2*q**3. List the prime factors of n(-5).
7
Let n be (2*894/(-8))/((-9)/12). Let u = -76 + n. What are the prime factors of u?
2, 3, 37
What are the prime factors of 28/6 + 80/(-96)*2?
3
Suppose -2*g - g + 57 = 0. What are the prime factors of g/4*(5 + -1)?
19
Let i(n) = -n**3 - 10*n**2 + 7*n + 13. Let l be (26 - (5 - 1))*(-1)/2. List the prime factors of i(l).
3, 19
Suppose 0 = 3*b + n + 418, 0 = -5*b - 2*n + n - 698. Let t = -76 - b. What are the prime factors of t/6 + (-5)/(-15)?
11
Let v be 8 + -1 + (-3)/(-1). Let n be (15/3)/(2/6). Let z = n + v. What are the prime factors of z?
5
Let z(g) be the first derivative of g**3/3 - 3*g**2 - 3*g + 10. Let j be z(-3). Let b = 44 - j. What are the prime factors of b?
2, 5
Suppose 142 = -4*o + 5*v, -4*v + 43 = -o + 2. Let h be (o/15 - 2)*-10. Suppose 5*l = -f - 13 + h, -4*l = 2*f - 34. List the prime factors of f.
3
Suppose -7*w - 5294 = -4*k - 4*w, 3*w - 3981 = -3*k. List the prime factors of k.
5, 53
Let b = 36 - 33. List the prime factors of ((-6)/(-4))/(b/4).
2
Let m = 5558 - 3629. Suppose -8*s = -m - 719. What are the prime factors of s?
331
Suppose 0*q + 531 = -9*q. Let b = q - -126. What are the prime factors of b?
67
Let m(o) = 5*o**2 - 1. Let u be m(-1). Let s be 2/u*(5 + 113). Suppose a - 4*i - 8 = 0, 4*a - 2*i - 43 - s = 0. List the prime factors of a.
2, 7
Let r = -9 + 14. Suppose -r*w + 25 = 0, -25 = -5*c - 2*w - 0*w. Suppose -c*g + 5 = -85. List the prime factors of g.
2, 3, 5
Suppose -l = 5*r - 278, 4*r - 3*l - 78 - 133 = 0. Suppose n + r = a, 281 = 5*a - 0*n + n. What are the prime factors of a?
2, 7
Let d be 3 - (3 - 2/1). Suppose 2*l = -5*r - 2*l, d*r = 2*l + 18. Suppose -4*u = -20, -i - r*u = 2*i - 95. What are the prime factors of i?
5
Suppose -2*v + 194 = 4*p, 2*v + 414 = 6*v - 5*p. Suppose 4*m - 832 = -4*b, v + 303 = 2*b + 5*m. What are the prime factors of b?
2, 53
Suppose -a + 0*a - 4*p + 391 = 0, 2*a - 812 = -2*p. What are the prime factors of a?
3, 137
Suppose -2 = -m - 1, 0 = 2*i + 4*m - 26. Suppose -i - 13 = -3*l. Let q(y) = 6*y + 7. List the prime factors of q(l).
5, 11
Let v(q) = -q + 6. Let y be v(4). Suppose 4*h + 24 = -3*i, 2*h - 5*i + 14 = y. What are the prime factors of (-1 + -19)*h/4?
2, 3, 5
Suppose -6*u + 3*u + 1230 = 3*p, 3*u - 15 = 0. Suppose 221 = 3*i + 2*f, 5*i + 0*f = 4*f + p. What are the prime factors of i?
7, 11
Let v = 49 - 61. Suppose 2*n = -4*g + 46, 4*n = 2*n + 3*g + 18. Let m = n - v. List the prime factors of m.
3
Suppose -15*d - 111 = -12*d. Let v be ((-2)/4)/((-3)/(-72)). Let i = v - d. List the prime factors of i.
5
Let v(g) = 4*g**2 + 7*g - 15. Let y(z) = 9*z**2 + 14*z - 31. Let l(t) = 7*v(t) - 3*y(t). What are the prime factors of l(5)?
2, 3
Suppose -2*r + 5 = 3*h, 0 = -r - 4*h + 10. Let v = 8 + r. Suppose -m - 85 = -v*m. What are the prime factors of m?
17
Let q(j) = -12*j + 10 + 11 + 5 - 25. List the prime factors of q(-3).
37
Suppose 12 = 15*t - 11*t. Suppose -106 = -5*l - g, -g - 107 = -5*l - t*g. List the prime factors of l/35 - 164/(-10).
17
Suppose -3*o = -5*x - 29, 4*o + x = 11 - 3. Suppose -11 = 5*d - o*k, 3 = -3*d + k - 2. What are the prime factors of ((-222)/18)/(d/3)?
37
Let p(j) = 37*j - 193. List the prime factors of p(7).
2, 3, 11
Let r(g) = -g**2 + 5*g + g - 1 - g - 6*g. Let u(d) = -d**2 + 3*d. Let x(b) = -2*r(b) + u(b). What are the prime factors of x(-5)?
2
Let r(z) = z**3 - 9*z**2 + 6*z - 20. Let k be r(8). Let a = k + 57. List the prime factors of a.
3, 7
Suppose -11*q = 4*q - 1710. List the prime factors of q.
2, 3, 19
Let j(m) = 12*m - 3. Let i(c) = -c**2 - 5*c + 3. Let p(f) = -2*f + 3. Let n be p(4). Let y be i(n). What are the prime factors of j(y)?
3, 11
Suppose -30*o + 95025 = 5*o. What are the prime factors of o?
3, 5, 181
Suppose z - 2*y = 3*y + 3064, 5*z = 3*y + 15408. What are the prime factors of z?
2, 3, 257
What are the prime factors of 4311 - (56/8 - 8)?
2, 7, 11
Let k(r) = -92*r + 20. Let i be k(2). Let c = -99 - i. What are the prime factors of c?
5, 13
Let m = 100 + -100. Suppose p - 3*l - 203 = m, -5*p = 3*l + l - 1072. What are the prime factors of p?
2, 53
Let v(i) = -449*i - 19. List the prime factors of v(-2).
3, 293
Suppose 10 = 4*p + 2. Suppose 2*y - 6 - p = 0. Suppose 3*r - 20 = -x, x - y*r = -2*x + 8. List the prime factors of x.
2
What are the prime factors of ((-36720)/10)/(-8) - (1 + -1)?
3, 17
Let y = 5 + -1. Suppose -29 = -2*z + k, -y*z - 5*k - 36 = -87. What are the prime factors of z - 1*(3 - 3)?
2, 7
Suppose 30 = 5*q - 0*q + 5*u, 4*q - 14 = u. Suppose 4*a + 3*z - q = 0, 4*z + 3 = -4*a + 7. Suppose 2*i = a + 71. List the prime factors of i.
2, 3
Let b(j) = 2*j**2 - 37*j + 6. What are the prime factors of b(27)?
3, 5, 31
Suppose 4*o + 4*j = 0, 5*o - 4*j = -0*o + 45. Suppose -4*f + 3*f - 2*t - 9 = 0, 2*f = o*t. List the prime factors of 6/10 - 192/f.
3, 13
Let y = 1495 + -882. What are the prime factors of y?
613
What are the prime factors of 3 - (-40)/(-12) - (-8330)/6?
2, 347
Let m be 0/(1/(-4 + 3)). Let n = -1 - m. Let b(f) = -3*f + 1. What are the prime factors of b(n)?
2
Let b be (-2 - -6)/(-4) + 156. Suppose -b = -2*t - 3*t. What are the prime factors of t?
31
Let a(s) = -91*s - 619. What are the prime factors of a(-38)?
17, 167
Let c(d) = d**2 - 20*d - 11. Let b be c(16). Let w = b + 182. What are the prime factors of w?
107
Let z(d) be the first derivative of 2*d**3/3 - 5*d**2 + 9*d + 44. List the prime factors of z(7).
37
Let g = -12 + 21. Suppose -34*p + 40*p = 162. Let d = g + p. What are the prime factors of d?
2, 3
Let i(d) be the second derivative of d**4/12 - 4*d**3/3 - 2*d**2 + 7*d. What are the prime factors of i(9)?
5
Let r(c) = c**3 - c**2 - 2*c + 3. Let h be r(2). Suppose -h*k + 16 = k. Suppose -13 = -k*d + 19. List the prime factors of d.
2
Let v(s) = -5*s + 455. What are the prime factors of v(-29)?
2, 3, 5
Let x(b) = -25 - 4*b - 2*b - 2*b - 7. List the prime factors of x(-14).
2, 5
Let h(j) = 2*j**2 - 24*j + 4. Let p be h(18). Let w be 2/(-5) - p/(-50). Suppose -4*i + 104 = 3*m - 83, -5*i - w*m = -233. What are the prime factors of i?
7
Suppose -10*k = -1919 - 461. List the prime factors of k.
2, 7, 17
Let z(w) = 2*w**2 - 3*w - 6. Let d be z(-4). Suppose 13 = -q + 2*v, v - d = -3*q - 105. What are the prime factors of 1808/28 + 12/q?
2
Let a be (-26)/(-10) - 12/20. Suppose -2*x + 8 = -a*q, -x + 2*q = -4*x + 7. Suppose 0 = -5*g - d + 175, -x*g + 5*d = -15 - 62. List the prime factors of g.
2, 17
Suppose 18*v + 15 = 23*v. Suppose 0 = -5*w - 4*d + 284, -w - 5*d - 140 = -v*w. What are the prime factors of w?
2, 3, 5
Let m be 3970/6 - (32/(-12))/(-4). Let s = m - 472. What are the prime factors of s?
3, 7
Let g(l) = -6*l - 3. Let h = -1 + -1. Let b be g(h). List the prime factors of (6 - b)*28/(-6).
2, 7
Let p be (81/2 + 0)/((-64)/(-128)). Let x = p - -159. What are the prime factors of x?
2, 3, 5
Suppose 20 = 4*b - 8. Suppose -y - 24 = 5*r, y + b*r - 3*r = -25. Let v = y - -72. List the prime factors of v.
43
Let n = 3859 + -1996. What are the prime factors of n?
3, 23
Let y(p) 